{"id":137,"date":"2025-01-03T16:01:03","date_gmt":"2025-01-03T16:01:03","guid":{"rendered":"https:\/\/appsa.misiones.gob.ar\/?page_id=137"},"modified":"2026-03-27T23:56:55","modified_gmt":"2026-03-27T23:56:55","slug":"deposito-fiscal","status":"publish","type":"page","link":"https:\/\/appsa.misiones.gob.ar\/index.php\/deposito-fiscal\/","title":{"rendered":"Tarifario A\u00e9reo de Importaci\u00f3n"},"content":{"rendered":"\n<h3 class=\"wp-block-heading\"><strong>Tarifario de Importaci\u00f3n para carga que opera por v\u00eda Aerea<\/strong><\/h3>\n\n\n\n<p>M\u00e1s de 0 kg hasta 5 kg \u2192 $32.000<\/p>\n\n\n\n<p>M\u00e1s de 5 kg hasta 10 kg \u2192 $43.000<\/p>\n\n\n\n<p>M\u00e1s de 10 kg hasta 20 kg \u2192 $62.000<\/p>\n\n\n\n<p>M\u00e1s de 20 kg hasta 50 kg \u2192 $90.000<\/p>\n\n\n\n<p>M\u00e1s de 50 kg hasta 100 kg \u2192 $124.000<\/p>\n\n\n\n<p>M\u00e1s de 100 kg hasta 200 kg \u2192 $168.000<\/p>\n\n\n\n<p>M\u00e1s de 200 kg hasta 350 kg \u2192 $229.000<\/p>\n\n\n\n<p>M\u00e1s de 350 kg hasta 500 kg \u2192 $316.000<\/p>\n\n\n\n<p>M\u00e1s de 500 kg hasta 750 kg \u2192 $374.000<\/p>\n\n\n\n<p>M\u00e1s de 750 kg hasta 1.000 kg \u2192 $451.000<\/p>\n\n\n\n<p>M\u00e1s de 1.000 kg hasta 1.500 kg \u2192 $529.000<\/p>\n\n\n\n<p>M\u00e1s de 1.500 kg hasta 2.000 kg \u2192 $612.000<\/p>\n\n\n\n<p>M\u00e1s de 2.000 kg hasta 2.500 kg \u2192 $694.000<\/p>\n\n\n\n<p>M\u00e1s de 2.500 kg hasta 3.000 kg \u2192 $816.000<\/p>\n\n\n\n<p>M\u00e1s de 3.000 kg hasta 4.000 kg \u2192 $947.000<\/p>\n\n\n\n<p>M\u00e1s de 4.000 kg hasta 5.000 kg \u2192 $1.151.000<\/p>\n\n\n\n<p>M\u00e1s de 5.000 kg hasta 7.000 kg \u2192 $1.368.000<\/p>\n\n\n\n<p>M\u00e1s de 7.000 kg hasta 10.000 kg \u2192 $1.646.000<\/p>\n\n\n\n<p>El precio final se encuentra expresado en pesos argentinos.<\/p>\n","protected":false},"excerpt":{"rendered":"<p>Tarifario de Importaci\u00f3n para carga que opera por v\u00eda Aerea M\u00e1s de 0 kg hasta 5 kg \u2192 $32.000 M\u00e1s de 5 kg hasta 10 kg \u2192 $43.000 M\u00e1s de 10 kg hasta 20 kg \u2192 $62.000 M\u00e1s de 20 kg hasta 50 kg \u2192 $90.000 M\u00e1s de 50 kg hasta 100 kg \u2192 $124.000 [&hellip;]<\/p>\n","protected":false},"author":2,"featured_media":717,"parent":0,"menu_order":0,"comment_status":"closed","ping_status":"closed","template":"page-templates\/page-tarifario-aereo.php","meta":{"footnotes":""},"class_list":["post-137","page","type-page","status-publish","has-post-thumbnail","hentry"],"_links":{"self":[{"href":"https:\/\/appsa.misiones.gob.ar\/index.php\/wp-json\/wp\/v2\/pages\/137","targetHints":{"allow":["GET"]}}],"collection":[{"href":"https:\/\/appsa.misiones.gob.ar\/index.php\/wp-json\/wp\/v2\/pages"}],"about":[{"href":"https:\/\/appsa.misiones.gob.ar\/index.php\/wp-json\/wp\/v2\/types\/page"}],"author":[{"embeddable":true,"href":"https:\/\/appsa.misiones.gob.ar\/index.php\/wp-json\/wp\/v2\/users\/2"}],"replies":[{"embeddable":true,"href":"https:\/\/appsa.misiones.gob.ar\/index.php\/wp-json\/wp\/v2\/comments?post=137"}],"version-history":[{"count":10,"href":"https:\/\/appsa.misiones.gob.ar\/index.php\/wp-json\/wp\/v2\/pages\/137\/revisions"}],"predecessor-version":[{"id":481,"href":"https:\/\/appsa.misiones.gob.ar\/index.php\/wp-json\/wp\/v2\/pages\/137\/revisions\/481"}],"wp:featuredmedia":[{"embeddable":true,"href":"https:\/\/appsa.misiones.gob.ar\/index.php\/wp-json\/wp\/v2\/media\/717"}],"wp:attachment":[{"href":"https:\/\/appsa.misiones.gob.ar\/index.php\/wp-json\/wp\/v2\/media?parent=137"}],"curies":[{"name":"wp","href":"https:\/\/api.w.org\/{rel}","templated":true}]}}