{"id":25,"date":"2024-12-28T17:42:11","date_gmt":"2024-12-28T17:42:11","guid":{"rendered":"https:\/\/appsa.misiones.gob.ar\/?page_id=25"},"modified":"2026-03-27T22:20:46","modified_gmt":"2026-03-27T22:20:46","slug":"nosotros","status":"publish","type":"page","link":"https:\/\/appsa.misiones.gob.ar\/index.php\/nosotros\/","title":{"rendered":"Nosotros"},"content":{"rendered":"\n<div class=\"wp-block-group alignfull is-style-section-2\" style=\"margin-top:0;margin-bottom:0;padding-top:var(--wp--preset--spacing--60);padding-bottom:var(--wp--preset--spacing--60)\"><div class=\"wp-block-group__inner-container is-layout-constrained wp-block-group-is-layout-constrained\">\n<div class=\"wp-block-columns alignwide is-layout-flex wp-container-core-columns-is-layout-52fe8137 wp-block-columns-is-layout-flex\">\n<div class=\"wp-block-column is-vertically-aligned-center is-layout-flow wp-block-column-is-layout-flow\" style=\"flex-basis:60%\">\n<h2 class=\"wp-block-heading\" style=\"font-size:40px\"><strong>Misi\u00f3n<\/strong><\/h2>\n\n\n\n<p>Administrar eficientemente las operaciones log\u00edsticas portuarias, ofreciendo servicios competitivos y de alta calidad que impulsen el desarrollo econ\u00f3mico, productivo y social de la provincia de Misiones. Brindar soluciones integradas y multimodales que conecten a los productores locales con mercados globales, promoviendo la sostenibilidad y la innovaci\u00f3n. <\/p>\n\n\n\n<p style=\"font-size:40px\"><strong>Visi\u00f3n<\/strong><\/p>\n\n\n\n<div class=\"wp-block-group is-vertical is-layout-flex wp-container-core-group-is-layout-e9481f73 wp-block-group-is-layout-flex\">\n<p>Convertirse en un nodo estrat\u00e9gico de transporte y log\u00edstica en la regi\u00f3n del Alto Paran\u00e1, liderando en infraestructura y tecnolog\u00eda, facilitando la competitividad de las econom\u00edas regionales e integrando a Misiones en la cadena de valor global de manera sostenible y socialmente justa.<\/p>\n\n\n\n<h2 class=\"wp-block-heading\" style=\"font-size:41px\"><strong>Valores <\/strong><\/h2>\n\n\n\n<ol class=\"wp-block-list\">\n<li><strong>Sostenibilidad:<\/strong> Promover pr\u00e1cticas que minimicen el impacto ambiental y fomenten el desarrollo sustentable.<\/li>\n\n\n\n<li><strong>Innovaci\u00f3n:<\/strong> Integrar tecnolog\u00eda de \u00faltima generaci\u00f3n para garantizar la eficiencia operativa y log\u00edstica.<\/li>\n\n\n\n<li><strong>Competitividad:<\/strong> Ofrecer servicios de alta calidad que fortalezcan la posici\u00f3n de Misiones en el comercio internacional.<\/li>\n\n\n\n<li><strong>Colaboraci\u00f3n:<\/strong> Fomentar alianzas p\u00fablico-privadas para potenciar el desarrollo regional.<\/li>\n\n\n\n<li><strong>Compromiso:<\/strong> Estar al servicio de los productores, empresas y comunidades para mejorar su bienestar y oportunidades econ\u00f3micas.<\/li>\n\n\n\n<li><strong>Transparencia:<\/strong> Garantizar la \u00e9tica y claridad en todas las operaciones y relaciones comerciales.<\/li>\n\n\n\n<li><strong>Adaptabilidad:<\/strong> Responder de manera \u00e1gil y efectiva a los cambios en el entorno log\u00edstico y comercial.<\/li>\n<\/ol>\n<\/div>\n<\/div>\n<\/div>\n<\/div><\/div>\n\n\n\n<div class=\"wp-block-group alignfull is-style-section-1\" style=\"margin-top:0;margin-bottom:0;padding-top:var(--wp--preset--spacing--80);padding-bottom:var(--wp--preset--spacing--80)\"><div class=\"wp-block-group__inner-container is-layout-constrained wp-block-group-is-layout-constrained\">\n<h2 class=\"wp-block-heading has-text-align-center\"><\/h2>\n\n\n\n<div style=\"height:var(--wp--preset--spacing--30)\" aria-hidden=\"true\" class=\"wp-block-spacer\"><\/div>\n\n\n\n<div class=\"wp-block-group alignwide is-content-justification-center is-layout-flex wp-container-core-group-is-layout-1efe7c2f wp-block-group-is-layout-flex\">\n\n\n\n\n\n\n\n<\/div>\n<\/div><\/div>\n\n\n\n<div class=\"wp-block-group alignfull\" style=\"margin-top:0;margin-bottom:0;padding-top:var(--wp--preset--spacing--50);padding-bottom:var(--wp--preset--spacing--50)\"><div class=\"wp-block-group__inner-container is-layout-constrained wp-block-group-is-layout-constrained\">\n<div class=\"wp-block-group alignwide is-content-justification-space-between is-layout-flex wp-container-core-group-is-layout-e3bc7287 wp-block-group-is-layout-flex\">\n<h2 class=\"wp-block-heading alignwide has-text-align-left is-style-text-subtitle has-x-large-font-size\"><\/h2>\n\n\n\n<p class=\"is-style-text-annotation\"><\/p>\n<\/div>\n\n\n\n<div class=\"wp-block-group alignwide is-layout-grid wp-container-core-group-is-layout-54bb1485 wp-block-group-is-layout-grid\">\n<figure class=\"wp-block-video\"><\/figure>\n\n\n\n<figure class=\"wp-block-video\"><\/figure>\n\n\n\n<figure class=\"wp-block-video\"><\/figure>\n\n\n\n<figure class=\"wp-block-video\"><\/figure>\n\n\n\n<figure class=\"wp-block-video\"><\/figure>\n\n\n\n<figure class=\"wp-block-video\"><\/figure>\n<\/div>\n<\/div><\/div>\n\n\n\n<aside class=\"wp-block-group alignfull is-style-section-3\" style=\"margin-top:0;margin-bottom:0;padding-top:var(--wp--preset--spacing--50);padding-right:var(--wp--preset--spacing--50);padding-bottom:var(--wp--preset--spacing--50);padding-left:var(--wp--preset--spacing--50)\"><div class=\"wp-block-group__inner-container is-layout-constrained wp-container-core-group-is-layout-f69f53e0 wp-block-group-is-layout-constrained\"><\/div><\/aside>\n","protected":false},"excerpt":{"rendered":"<p>Misi\u00f3n Administrar eficientemente las operaciones log\u00edsticas portuarias, ofreciendo servicios competitivos y de alta calidad que impulsen el desarrollo econ\u00f3mico, productivo y social de la provincia de Misiones. Brindar soluciones integradas y multimodales que conecten a los productores locales con mercados globales, promoviendo la sostenibilidad y la innovaci\u00f3n. Visi\u00f3n Convertirse en un nodo estrat\u00e9gico de transporte [&hellip;]<\/p>\n","protected":false},"author":1,"featured_media":634,"parent":0,"menu_order":40,"comment_status":"closed","ping_status":"closed","template":"page-templates\/page-nosotros.php","meta":{"footnotes":""},"class_list":["post-25","page","type-page","status-publish","has-post-thumbnail","hentry"],"_links":{"self":[{"href":"https:\/\/appsa.misiones.gob.ar\/index.php\/wp-json\/wp\/v2\/pages\/25","targetHints":{"allow":["GET"]}}],"collection":[{"href":"https:\/\/appsa.misiones.gob.ar\/index.php\/wp-json\/wp\/v2\/pages"}],"about":[{"href":"https:\/\/appsa.misiones.gob.ar\/index.php\/wp-json\/wp\/v2\/types\/page"}],"author":[{"embeddable":true,"href":"https:\/\/appsa.misiones.gob.ar\/index.php\/wp-json\/wp\/v2\/users\/1"}],"replies":[{"embeddable":true,"href":"https:\/\/appsa.misiones.gob.ar\/index.php\/wp-json\/wp\/v2\/comments?post=25"}],"version-history":[{"count":7,"href":"https:\/\/appsa.misiones.gob.ar\/index.php\/wp-json\/wp\/v2\/pages\/25\/revisions"}],"predecessor-version":[{"id":643,"href":"https:\/\/appsa.misiones.gob.ar\/index.php\/wp-json\/wp\/v2\/pages\/25\/revisions\/643"}],"wp:featuredmedia":[{"embeddable":true,"href":"https:\/\/appsa.misiones.gob.ar\/index.php\/wp-json\/wp\/v2\/media\/634"}],"wp:attachment":[{"href":"https:\/\/appsa.misiones.gob.ar\/index.php\/wp-json\/wp\/v2\/media?parent=25"}],"curies":[{"name":"wp","href":"https:\/\/api.w.org\/{rel}","templated":true}]}}